 3*n**3 + 19*n**2 + 34*n + 4. Let u(l) = 8*l**3 + 39*l**2 + 67*l + 8. Let v(m) = 5*f(m) - 2*u(m). What is the hundreds digit of v(18)?
3
Let n(w) = -w**3 - w**2 - w + 1. Let m(f) = 3*f**3 + 6*f**2 + 7*f. Let t(v) = m(v) + 2*n(v). Let b be t(-3). What is the tens digit of (b - 14)*(-55)/15?
6
Let r = 444 + -294. Let i = r + 6. What is the tens digit of i?
5
Suppose -25*m + 14107 = -1043. Suppose 15*l = 1956 - m. What is the units digit of l?
0
Let k be 1 + (-3 - -1)*-38. Suppose 7*w = -0*w + k. Let a(p) = p**3 - 12*p**2 + 13*p + 9. What is the units digit of a(w)?
1
Let a = 99 + 0. What is the tens digit of -6*((-8591)/a - 2/9)?
2
Let z = 3937 - -16450. What is the units digit of z?
7
Suppose v - 3*g = 7010, 2*v - 11749 - 2281 = -4*g. What is the tens digit of v?
1
Let x(u) = -u - 9*u**2 + 13 + 0*u + 3*u - 14. Let y be x(1). What is the tens digit of 3*(-3)/(-36) - 358/y?
4
Suppose -197 = 5*q - 172. What is the hundreds digit of (-5)/(q/(-36))*(-26)/6?
1
Let p(a) = -51*a + 8. Let t be p(5). Let q = t - -391. Suppose -2*z + 128 = -q. What is the tens digit of z?
3
Suppose -3*s - h = 2*h + 18, -5*s - 12 = -h. Let d(o) be the first derivative of 3*o**3 + 3*o**2 + 13*o - 10. What is the tens digit of d(s)?
7
What is the tens digit of -166693*8/(-40) + 9/(-15) + 2?
4
Let a = 2579 + 10371. Suppose 64*t - 54*t - a = 0. What is the thousands digit of t?
1
Suppose 0 = -18*f + 14*f - 2*o + 38096, 0 = 4*f + 5*o - 38096. What is the thousands digit of f?
9
Let d be -2*(12/(-8))/(-1) + 13. Suppose 45 = d*u - u. What is the units digit of u?
5
Let m = -153 + 6266. What is the units digit of m?
3
Let v(s) = -s**2 + 16*s - 39. Let b be v(13). Suppose 1045 = 2*q + q + 4*g, b = q - 3*g - 344. What is the hundreds digit of q?
3
Let c = 118 - 114. Suppose -5*t = -2*g - 1947, -3*g = c*t - 1821 + 245. What is the tens digit of t?
9
Let y = 1309 + 4344. What is the tens digit of y?
5
Suppose 130*y = 209*y - 1304685. What is the thousands digit of y?
6
Let f = -814 + 249. Let w = f + 942. What is the tens digit of w?
7
Let p = -10 + 13. Suppose -4*u = 2*v - 8, -p*u + v - 2*v + 4 = 0. What is the tens digit of (u + 3 - -49) + 3?
5
Suppose -4*b = 12, -5*b + 8*b = -a - 9. Suppose -2*f + p + 4*p + 2900 = 0, 2*f - 3*p - 2892 = a. Suppose 28*k = 23*k + f. What is the hundreds digit of k?
2
What is the hundreds digit of (792/12 - 10)/(0 - 3/(-87))?
6
Suppose 31*w - 57693 - 142567 = 0. What is the thousands digit of w?
6
Suppose 4*z + 62 = -5*w, 3*w + 45 = -3*z - 2*z. Let d(j) = -94*j - 164. What is the hundreds digit of d(w)?
7
Let d(b) = 462*b - 2068. What is the thousands digit of d(10)?
2
Let j = 10064 - 954. What is the units digit of j?
0
Let f = 106 - 81. What is the units digit of 1105 - 20/f*5?
1
Suppose -61*m = -67*m + 1254. Suppose -3*z = 5*i + 10, 0 = -z - 2*z - 4*i - 5. Suppose -41 = -z*h + m. What is the units digit of h?
0
Suppose 6*m + 569104 = 14*m + 8*m. What is the tens digit of m?
6
Let h(l) be the second derivative of 5*l**4/4 + 2*l**3 - 19*l**2 + 3*l - 8. What is the hundreds digit of h(6)?
5
Suppose 4*q - 4*m - 141 = -17, 0 = -3*q + 5*m + 97. What is the tens digit of q?
2
Suppose -24*k + 44*k - 2380 = 0. Suppose 286 = m - 3*q, 1318 = 4*m - q + k. What is the hundreds digit of m?
3
Let b(j) = 13*j - 5. Let y be 24/(-8)*(2 + -5). What is the tens digit of b(y)?
1
Let w(p) = -5*p + 977. Let h be w(0). Let q = h - 650. What is the hundreds digit of q?
3
Let l(q) = 5*q**2 - 95*q - 101. What is the thousands digit of l(61)?
2
Let d(s) = -75*s + 68. Let t be d(-6). What is the hundreds digit of 30/6 + t - -5?
5
What is the thousands digit of 868/620*(1 - -3244)?
4
Let w = 84 + -70. Let n be -3*4/42 + 102/w. Let f(t) = 8*t - 23. What is the units digit of f(n)?
3
Suppose -12 = -4*q, -18*t + 26917 = -14*t - 5*q. What is the thousands digit of t?
6
What is the tens digit of (-198)/(-1584) - (-403054)/16?
9
Let g be (384 + -1)*(7 - 8) - 0. Let b = g + 725. What is the tens digit of b?
4
Suppose q = -4*q - 915. Let f = -152 - q. What is the units digit of f?
1
Let p be (-7 - -1)*3/6*-1. Let r(t) = 29*t**3 + 3*t**2 - 2*t + 2. Let w be r(p). What is the units digit of (-2 + 0 - w/65)*-10?
4
Let x(s) = 18*s - 24. Let f be x(7). Let n = -84 - f. Let d = 284 + n. What is the units digit of d?
8
Let k = -11590 - -18296. What is the units digit of k?
6
Let g(v) = 55*v**2 + 158*v + 3896. What is the hundreds digit of g(-27)?
7
Let m = 901 + 2469. Suppose -5*l - 3*n - 2053 = -5413, -5*l = n - m. What is the units digit of l?
5
Let t(h) be the third derivative of 11*h**4/24 + 5*h**3/3 - 17*h**2. Let v be t(7). What is the tens digit of v + (-8)/(-4) - 2?
8
Let s(n) = 3*n**2 + 115*n - 20. Let c be s(-38). Let z = 472 + c. What is the hundreds digit of z?
4
Let w(f) = 7*f**2 - 43*f - 1030. What is the units digit of w(-23)?
2
Suppose -84*s + 736 = -76*s. Suppose -3*f = -f - 84. Let t = s - f. What is the tens digit of t?
5
Suppose -56097 = -64*j + 237407. What is the thousands digit of j?
4
Let k(d) = 8*d**2 - 6*d - 2. Let h = 11 - 0. Suppose 4*i + 10 = -2*n - 0, n = 2*i + h. What is the tens digit of k(n)?
5
Suppose 0 = -2*x - 5*p + 145596, 5*p = x - 56177 - 16666. What is the hundreds digit of x?
8
Let i(h) = 62*h**3 - 2*h**2 - h - 1. Let p be i(2). Suppose -p = -5*g - s, 2*g = s + s + 206. Suppose -4*z + 390 = g. What is the units digit of z?
3
Suppose 0 = 27*d - 526 - 14. Suppose -d*b = -15*b - 645. What is the units digit of b?
9
Let x(g) = -3*g - 67. Let t(r) = -7*r - 137. Let y(c) = -1. Let q(l) = -t(l) + 3*y(l). Let d(m) = -2*q(m) - 5*x(m). What is the units digit of d(0)?
7
Suppose -5*f + 53636 = -11335 - 62669. What is the ten thousands digit of f?
2
Suppose 2*r = 4*l + 1306, -5*r = 129*l - 133*l - 3271. What is the hundreds digit of r + 17 + (2 - 4)?
6
Suppose 0 = -10*n + 10 + 10. Let g(a) = a + a**3 + 4 - 3*a**2 + 0 + n - 3. What is the units digit of g(3)?
6
Let s(u) = 374*u**2 + 8*u - 17. Let g = -271 - -273. What is the units digit of s(g)?
5
Suppose 3*l = -i + 15445, 8*l - 2*i - 41188 = -6*i. What is the hundreds digit of l?
1
Let r be (-30)/75*(-1 + 36). Let s = r - -158. What is the hundreds digit of s?
1
Suppose -780 = -4*g + 1928. Let i = g + -212. What is the tens digit of i?
6
Suppose 0 = -3*p - 4*g, -6*p + 11 = -p + 3*g. Let q(x) = 19*x**2 - 6*x + 24. What is the units digit of q(p)?
4
Let u(n) = -10*n - 37. Suppose -l = -5*k + 2*k - 52, 229 = 4*l - 5*k. Let x = l - 78. What is the units digit of u(x)?
3
Suppose 0 = -3*k + 8*s - 4*s - 1107, 0 = k + 2*s + 359. Let d be (k/(-10))/((-2)/4). Let y = 165 + d. What is the units digit of y?
2
What is the units digit of ((-22)/(-5)*(-94)/(-517))/(6/129540)?
2
Suppose 5*l = -0 + 10. Suppose 9*s - 6*s + r = 1281, 0 = l*s - 4*r - 854. What is the units digit of s?
7
Suppose 5*k - 3*d - 106795 = 0, 300*k + 4*d = 298*k + 42692. What is the units digit of k?
6
Suppose 0 = 6*v - 7*v + 4*m + 19, 2*m = 5*v - 23. Suppose 4*w - 329 = -z, -876 = -v*z - 2*w + 111. What is the units digit of z?
9
Let v be (33/9)/(2/6). Let b = -676 - -678. Suppose 3*a - 25 = b*w, -3*a + w + v = -15. What is the units digit of a?
9
Let p(j) = 2*j**3 - 3*j + 3. Let t be p(1). What is the tens digit of 1/(-2) - t/((-16)/3636)?
5
Suppose -67*b + 12 = -61*b. Suppose -b*x + 3*t = -308, -6*x = -8*x - 3*t + 320. What is the hundreds digit of x?
1
Let n be 3/(-9) - (-584)/24. Let t be n/16 + (-759)/(-2). Let p = -199 + t. What is the hundreds digit of p?
1
Let v = -60 + 76. Suppose -15*w + v*w - 3 = 0. What is the units digit of ((-6)/(-3))/(w/33)?
2
Suppose 0 = 4*f - 8. Suppose -5*a + 2*l + 17 = 0, -a + f*l + 0 = 3. Suppose 0 = -a*y + 4 + 1, 0 = 2*h + 4*y - 66. What is the units digit of h?
1
Let d(x) = 29*x + 53. Let v = 102 + -96. What is the tens digit of d(v)?
2
Let d(b) = 154*b**2 - 11*b - 27. Let x be d(-3). Suppose -4*q - 5*i = -727 - 390, x = 5*q + 2*i. What is the tens digit of q?
7
Suppose 5*v = 5*j + 4255, -154 = 2*v + 4*j - 1886. What is the units digit of v?
6
Suppose 714 = 3*d - 6*d. Let l = d + 998. Suppose -7*p - p = -l. What is the units digit of p?
5
Suppose 0 = f - l, 7 = 5*f - 3*l - 1. Suppose -v + 293 = 2*s, f*s - s = -5*v + 1493. What is the units digit of v?
1
Let k be ((-1017)/1)/((-56)/(-16) - 5). Let j = k + 269. What 